uppose m - 17 = -q, -3*m + 74 - 9 = 4*q. Calculate the remainder when h is divided by q.
13
Suppose -21 = -4*r + 3*l + 18, -5*r - 3*l = -42. What is the remainder when (-5)/35 - 106*(-1)/7 is divided by 4/6 - (-30)/r?
3
Let n = 188 - 155. Suppose 3*l - 83 = -w, 4*l = 3*l - 5. What is the remainder when w is divided by n?
32
Suppose -s - 5 = 2*h + 1, -3*s - 12 = 3*h. Let z(k) = -24*k**3 + 2*k**2 + 9*k + 3. What is the remainder when z(h) is divided by 47?
44
Suppose 13*h + 59*h - 40227 = 19*h. Calculate the remainder when h is divided by 14.
3
Let j be (-6 - -4)*42/(-4). Let q = j + -17. What is the remainder when (-152)/57*(-141)/q is divided by 24?
22
Let f be (-20979)/74 + ((-3)/2)/3. What is the remainder when f/(-2)*((-12)/(-8) + -1) is divided by 30?
11
Suppose 0 = 135*b + 2357 - 42587. Calculate the remainder when b is divided by 95.
13
Suppose 7*h - 2494 = -2018. Calculate the remainder when h is divided by 15.
8
Calculate the remainder when ((-2268)/105)/18 + (-2011)/(-5) is divided by 184.
33
Let p = 3 - 4. Let u(d) = 9*d**2 - 1. Suppose -427 = -8*x - 283. What is the remainder when x is divided by u(p)?
2
Let m(s) = -5*s**2 + 72*s - 29. Let u be m(9). Let d = u - -46. What is the remainder when d is divided by 27?
17
Calculate the remainder when 81 is divided by ((-280)/(-420))/(6/153).
13
Let i(x) = x**2 + 4*x + 1. Let o be i(-3). Suppose 5*z = -4*l + 663, -15*z + 12*z + 3*l = -414. What is the remainder when z is divided by (-6)/o + 43*1?
43
What is the remainder when 790*(-14)/(-35) - -5 is divided by 96?
33
Suppose -130 = -4*u - 2*j + 114, -3*u - 3*j + 186 = 0. Suppose s - 243 = -h - 222, 5*s + 21 = h. Calculate the remainder when u is divided by h.
18
Suppose q = 2*r + 19, 31*r = 5*q + 27*r - 83. Suppose -6 - 52 = -2*m. What is the remainder when m is divided by q?
14
Calculate the remainder when ((-1)/(9/(-63)) - 6) + 503 is divided by 496.
8
Let r(m) = 4*m**2 + 442*m - 201. Calculate the remainder when 18583 is divided by r(-111).
19
Suppose l = 5*d + 27, d + 33 = 2*l - 2*d. Suppose 0 = -16*q + 13*q - l. What is the remainder when q - (20/(-6))/(11/66) is divided by 11?
5
What is the remainder when (-2 - 0/(-2))*106826/(-124) is divided by 192?
187
Let v(s) = -10*s - 5. Let o = 128 - 78. Let u = 57 - o. What is the remainder when u is divided by v(-1)?
2
Suppose -1081 = -2*v - 5*s + 1650, -s = v - 1370. Calculate the remainder when v is divided by 355.
308
Let a be 14/((-92)/759*(-6)/(-4)). Let g be (-1359)/21 + (-2)/7. Let o = g - a. Calculate the remainder when 45 is divided by o.
9
Let k be (3/15)/(8/1400). What is the remainder when 47 is divided by (-40)/(-6)*(7 + (-161)/k)?
15
Let r(h) = 27*h - 24. Let g be r(3). Let l = g + -58. Let c(q) = 24*q**2 - q - 1. Calculate the remainder when 35 is divided by c(l).
11
Let m(f) = -16*f**2 - 246*f - 12. What is the remainder when m(-14) is divided by 22?
10
Let c be ((-867)/102)/(6/4 + -1). Let m(i) = -i**3 - 13*i**2 + 19*i + 56. Calculate the remainder when m(c) is divided by 11.
9
Let z(r) = r**2 + 11*r - 3. What is the remainder when z(-14) is divided by ((-3)/(-2) - 2)*(0 + -20)?
9
Suppose -6*k - 1288 = -62*k. Suppose 5*h = -43 + 88. Calculate the remainder when k is divided by h.
5
Let b be (-3)/3*(0 + 1). What is the remainder when (-5*28/70)/((-4)/26 - 0) is divided by -2 + 13 - (b + 3)?
4
Suppose -5810 = 373*v - 17373. Calculate the remainder when 3550 is divided by v.
16
Suppose -281*v - 11418 = -46570 - 31726. Calculate the remainder when 768 is divided by v.
54
Let v = -596 - -302. Let u = v - -365. Calculate the remainder when u is divided by 21.
8
Let k be 33/12 + (-2)/(-8). Suppose -k*o + 117 = 69. Calculate the remainder when 21 is divided by o.
5
Suppose 104*q = 99*q. Let y be (-7 - (q + -3)) + 1 + 3. Suppose -7*m + 2*m + 70 = y. What is the remainder when m is divided by 8?
6
Let k = 310 - 308. What is the remainder when 20 is divided by k*1 - (28 - 31)?
0
Suppose 0 = v + 3 + 1. Let x(z) = z**3 + 5*z**2 - 4*z + 4. Let b be x(v). Let c = 50 - b. What is the remainder when 41 is divided by c?
13
Let o(i) = 10*i - 5. Let l be o(1). Suppose l*c - 10*c - 2*a + 402 = 0, 4*a = 4. Calculate the remainder when 316 is divided by c.
76
What is the remainder when 7 + ((-36)/24 - (-97294)/4) is divided by 10?
9
Let g = -4035 + 4119. What is the remainder when g is divided by 55?
29
Suppose 78*h - 10554 = 13314. Calculate the remainder when h is divided by 122.
62
Suppose -3*w + 8 = -z + 24, -4*z = -w - 9. Calculate the remainder when 160/48*((-381)/(-15) + z) is divided by 14.
4
Suppose -4*r = 66 + 270. Let w = -60 - r. Let l = 34 - w. What is the remainder when 69 is divided by l?
9
Let x(q) = 44*q + 1116. Calculate the remainder when x(-24) is divided by 31.
29
Suppose 1 = 4*y - 75 + 12. What is the remainder when 44 is divided by y?
12
Let y be (-1175)/11 + 48/(-264). Let m = 129 + y. Suppose 0 = a - 12 + 2. What is the remainder when m is divided by a?
2
Suppose -33*p + 35*p + 1315 = 5*d, 3*p - 15 = 0. What is the remainder when 797 is divided by d?
2
Let d(m) = 19*m**2 + 798*m + 28. What is the remainder when 6604 is divided by d(-42)?
24
Suppose 10 = a - 65. Suppose 3*n = -2*n + a. Suppose -2*i = -2*y + 150, 4*y + 4*i - 297 + 21 = 0. Calculate the remainder when y is divided by n.
12
Suppose -5*p + 0*a + 26 = -a, 3*a = -5*p + 42. Suppose -209 + 673 = 8*t + 4*s, 4*s = -4*t + 216. What is the remainder when t is divided by p?
2
Suppose 2*z - 763 = -1686*w + 1691*w, 0 = -z - 5*w + 344. What is the remainder when z is divided by 28?
5
Let s(v) = 35*v**2 + 85*v + 371. What is the remainder when s(-4) is divided by 93?
33
Suppose 2*r - 11 = -k, -2*r + 15 = 3*k + 2. Suppose r*b - 4*c - 22 = 8, 5*b - 3*c - 35 = 0. Calculate the remainder when 127 + 2/(-1) - -3 is divided by b.
8
Suppose 3*d = 1472 - 16592. Calculate the remainder when 37 is divided by ((-18)/(-8))/(14/(d/(-27))).
7
Let q(f) = 6*f - 37. Let z be q(7). Suppose -2*j + 5*j + 9 = 0, z*i - 5*j - 95 = 0. Calculate the remainder when 41 is divided by i.
9
Let v(j) = 210*j + 9128. Calculate the remainder when v(-39) is divided by 314.
310
Suppose 265*g - 257*g - 848 = 0. What is the remainder when 529 is divided by g?
105
Suppose 5*z + 3*i - 70235 + 1847 = 0, 2*i - 2 = 0. What is the remainder when z is divided by 72?
69
Suppose -98 = -2*o + 3*o. Suppose -4*u + 3*n = 462, -4*n = 4*u + 224 + 224. Let c = o - u. What is the remainder when 93 is divided by c?
13
Let t be (2 - 28/12)*-57. Suppose -23*i + 108 = -t*i. Calculate the remainder when i is divided by 15.
12
Let w = -515 - -547. What is the remainder when 92 is divided by (-78)/((-24)/w*2)?
40
Let w be 4 + (-8)/(-16)*(-2 - -2). Suppose 4*t - 5*k = 240, -w*k + 16 = -0*k. What is the remainder when t is divided by 26?
13
Suppose -23 = -2*g + 81. Suppose -g = -7*z + 4. Suppose 13*y = 15*y - z. What is the remainder when y is divided by 1?
0
Suppose 0 = -4*r + 3*n + 2 + 1, 2*n = 6. Suppose -m + 135 = 5*i + 4*m, 4*i - 136 = r*m. What is the remainder when (i/(-5))/((-8)/40) is divided by 11?
9
Let r be (-4)/(-8) - (-5)/2. Let a = r - 1. Suppose 1 = -3*g + 2*x, 4*g + 2*x - 25 = -3. What is the remainder when g is divided by a?
1
Let f be ((-3)/(-1))/(57/18 + -3). Suppose 4*r - 10 = f. Let v(u) = u + 29. What is the remainder when v(r) is divided by 23?
13
Let o(u) = 2*u - 23. Let d be o(28). Let w = d + 41. Calculate the remainder when w is divided by 15.
14
Suppose -3*d - 14*b + 74 = 0, 3*d = 4*d + 5*b - 23. What is the remainder when 1185 is divided by d?
33
Let z(o) = o**2 + 3*o - 6. Let p be z(0). What is the remainder when 235 is divided by ((-65)/3 - -2)/(p/18)?
58
Suppose -24795 + 26985 = 589*v - 59655. What is the remainder when 134 is divided by v?
29
Suppose -x + 5*i = -3*x + 60, 2*i - 104 = -4*x. Let g(b) = -b + 18. Let t be 5/(-15) - (-102)/9. What is the remainder when x is divided by g(t)?
4
Suppose d - y - 44 = -0*d, 0 = -3*d - 2*y + 107. Let l = -32 + 5. Let w = l + d. What is the remainder when 47 is divided by w?
11
Let t = 1644 - 1545. What is the remainder when 782 is divided by t?
89
Suppose r - 6*r = 2380. Let n = 136 - r. Suppose -5*k = -3*d - 0*k + 633, 2*k = -3*d + n. Calculate the remainder when d is divided by 42.
38
Suppose 4*b - 292 + 38